factors of 5855473.
13, 450421
List the prime factors of 1915751.
19, 100829
What are the prime factors of 18329?
18329
List the prime factors of 1640974.
2, 239, 3433
What are the prime factors of 7851390?
2, 3, 5, 261713
List the prime factors of 103211.
29, 3559
List the prime factors of 871222.
2, 11, 199
What are the prime factors of 1603082?
2, 13, 61657
List the prime factors of 66060.
2, 3, 5, 367
List the prime factors of 17869811.
43, 415577
List the prime factors of 69760.
2, 5, 109
What are the prime factors of 7619783?
7619783
List the prime factors of 2632084.
2, 7, 13, 1033
What are the prime factors of 2603877?
3, 867959
What are the prime factors of 1499025?
3, 5, 11, 23, 79
List the prime factors of 104955.
3, 5, 6997
List the prime factors of 2315088.
2, 3, 23, 233
List the prime factors of 5285579.
13, 406583
List the prime factors of 942643.
13, 59, 1229
What are the prime factors of 654060?
2, 3, 5, 11, 991
List the prime factors of 79763.
31, 83
List the prime factors of 223234.
2, 11, 73, 139
List the prime factors of 303079.
7, 29, 1493
What are the prime factors of 273375?
3, 5
List the prime factors of 1227568.
2, 73, 1051
What are the prime factors of 6781581?
3, 317, 2377
List the prime factors of 946425.
3, 5, 12619
List the prime factors of 80073.
3, 7, 31, 41
List the prime factors of 3864796.
2, 13, 74323
List the prime factors of 267008.
2, 7, 149
List the prime factors of 2821449.
3, 940483
What are the prime factors of 280212?
2, 3, 19, 1229
List the prime factors of 16599892.
2, 43, 103, 937
What are the prime factors of 30958185?
3, 5, 59, 34981
What are the prime factors of 607686?
2, 3, 101281
List the prime factors of 338712.
2, 3, 11, 1283
What are the prime factors of 866679?
3, 11, 26263
List the prime factors of 1464584.
2, 11, 17, 89
List the prime factors of 5550650.
2, 5, 7, 15859
What are the prime factors of 8521693?
83, 1237
What are the prime factors of 802800?
2, 3, 5, 223
List the prime factors of 17754206.
2, 23, 29, 13309
List the prime factors of 1699460.
2, 5, 7, 61, 199
List the prime factors of 4055917.
4055917
What are the prime factors of 488960?
2, 5, 191
List the prime factors of 1646753.
241, 6833
What are the prime factors of 1719657?
3, 63691
List the prime factors of 928276.
2, 239, 971
What are the prime factors of 205648?
2, 12853
List the prime factors of 637924.
2, 7, 22783
What are the prime factors of 3425132?
2, 29, 29527
What are the prime factors of 238413?
3, 7, 11353
List the prime factors of 221794.
2, 43, 2579
What are the prime factors of 424597?
424597
What are the prime factors of 4242680?
2, 5, 13, 41, 199
List the prime factors of 344639.
344639
List the prime factors of 893671.
893671
List the prime factors of 5941638.
2, 3, 41, 83, 97
What are the prime factors of 21557804?
2, 5389451
What are the prime factors of 4389475?
5, 19, 9241
What are the prime factors of 9431876?
2, 2357969
What are the prime factors of 126355?
5, 37, 683
What are the prime factors of 1162887?
3, 11, 131, 269
List the prime factors of 100518.
2, 3, 11, 1523
List the prime factors of 13354389.
3, 173, 953
List the prime factors of 777146.
2, 388573
What are the prime factors of 6245254?
2, 3122627
What are the prime factors of 7469818?
2, 3734909
What are the prime factors of 1214001?
3, 44963
List the prime factors of 3696147.
3, 7, 13, 4513
What are the prime factors of 28753?
28753
List the prime factors of 2124822.
2, 3, 7, 50591
List the prime factors of 197495.
5, 39499
List the prime factors of 4195814.
2, 7, 299701
List the prime factors of 8754891.
3, 2918297
List the prime factors of 208770.
2, 3, 5, 6959
List the prime factors of 108596.
2, 17, 1597
List the prime factors of 4273960.
2, 5, 59, 1811
What are the prime factors of 65260?
2, 5, 13, 251
List the prime factors of 23608.
2, 13, 227
What are the prime factors of 2474177?
43, 163, 353
List the prime factors of 110580.
2, 3, 5, 19, 97
What are the prime factors of 1419836?
2, 11, 23, 61
List the prime factors of 1287830.
2, 5, 89, 1447
What are the prime factors of 1853223?
3, 151, 4091
List the prime factors of 22864142.
2, 7, 41, 61, 653
List the prime factors of 18602293.
18602293
What are the prime factors of 908088?
2, 3, 157, 241
List the prime factors of 14510388.
2, 3, 1209199
List the prime factors of 260357.
19, 71, 193
List the prime factors of 561031.
37, 59, 257
What are the prime factors of 4461407?
487, 9161
List the prime factors of 2647502.
2, 11, 13, 9257
List the prime factors of 20204953.
20204953
What are the prime factors of 4041455?
5, 11, 197, 373
What are the prime factors of 204072?
2, 3, 11, 773
List the prime factors of 23089919.
23089919
List the prime factors of 170374.
2, 17, 5011
What are the prime factors of 477790?
2, 5, 47779
What are the prime factors of 331219?
7, 47317
List the prime factors of 9305516.
2, 11, 19, 11131
List the prime factors of 7857039.
3, 2619013
List the prime factors of 64170.
2, 3, 5, 23, 31
List the prime factors of 20684099.
31, 667229
List the prime factors of 8747.
8747
List the prime factors of 679832.
2, 84979
What are the prime factors of 246021?
3, 82007
List the prime factors of 350151.
3, 19, 6143
What are the prime factors of 2035300?
2, 5, 20353
List the prime factors of 379499.
379499
What are the prime factors of 6990231?
3, 601, 3877
List the prime factors of 208830.
2, 3, 5, 6961
List the prime factors of 2483958.
2, 3, 37, 67, 167
What are the prime factors of 80124?
2, 3, 11, 607
What are the prime factors of 5679268?
2, 7, 43, 53, 89
What are the prime factors of 136626?
2, 3, 7, 3253
List the prime factors of 288016.
2, 47, 383
What are the prime factors of 1008537?
3, 53, 6343
What are the prime factors of 2612400?
2, 3, 5, 7, 311
List the prime factors of 1667274.
2, 3, 7, 53, 107
What are the prime factors of 1096497?
3, 13537
What are the prime factors of 565411?
7, 11, 1049
What are the prime factors of 12071694?
2, 3, 37, 54377
What are the prime factors of 23735597?
41, 578917
What are the prime factors of 7239129?
3, 2413043
What are the prime factors of 197502?
2, 3, 32917
What are the prime factors of 73342?
2, 36671
List the prime factors of 1338089.
29, 46141
What are the prime factors of 27219231?
3, 13, 232643
List the prime factors of 7716351.
3, 17, 71, 2131
What are the prime factors of 222628?
2, 7, 7951
List the prime factors of 105461.
163, 647
What are the prime factors of 97093?
151, 643
List the prime factors of 2362127.
193, 12239
List the prime factors of 10100342.
2, 7, 743, 971
List the prime factors of 9241843.
13, 710911
List the prime factors of 28861088.
2, 901909
List the prime factors of 343993.
13, 47, 563
What are the prime factors of 561135?
3, 5, 37409
What are the prime factors of 415525?
5, 11, 1511
List the prime factors of 120919.
120919
What are the prime factors of 1345059?
3, 31, 1607
What are the prime factors of 598353?
3, 7, 28493
What are the prime factors of 678929?
17, 39937
What are the prime factors of 34742?
2, 29, 599
List the prime factors of 14480168.
2, 101, 17921
List the prime factors of 563638.
2, 23, 12253
What are the prime factors of 62919?
3, 6991
List the prime factors of 989371.
41, 59, 409
List the prime factors of 3178362.
2, 3, 11, 48157
List the prime factors of 8391982.
2, 17, 14519
What are the prime factors of 1196590?
2, 5, 119659
List the prime factors of 2435567.
2435567
What are the prime factors of 88103?
19, 4637
List the prime factors of 1472825.
5, 58913
List the prime factors of 324946.
2, 162473
What are the prime factors of 992985?
3, 5, 7, 193
What are the prime factors of 6120986?
2, 17, 67, 2687
List the prime factors of 757084.
2, 189271
What are the prime factors of 9409609?
11, 855419
List the prime factors of 1384726.
2, 7, 98909
What are the prime factors of 23321726?
2, 1301, 8963
What are the prime factors of 60802?
2, 7, 43, 101
List the prime factors of 18436181.
3457, 5333
What are the prime factors of 1383119?
419, 3301
What are the prime factors of 505618?
2, 241, 1049
List the prime factors of 585843.
3, 195281
What are the prime factors of 7968303?
3, 7, 126481
What are the prime factors of 22135312?
2, 373, 3709
List the prime fac